{"id":3334,"date":"2026-03-17T11:33:05","date_gmt":"2026-03-17T11:33:05","guid":{"rendered":"https:\/\/feniks.nfz.gov.pl\/?page_id=3334"},"modified":"2026-03-30T07:17:26","modified_gmt":"2026-03-30T07:17:26","slug":"o-projekcie","status":"publish","type":"page","link":"https:\/\/feniks.nfz.gov.pl\/index.php\/o-projekcie\/","title":{"rendered":"O projekcie"},"content":{"rendered":"\n<p class=\"wp-block-paragraph\" style=\"padding-right:var(--wp--preset--spacing--50)\">Narodowy Fundusz Zdrowia realizuje projekt \u201eWsparcie podstawowej opieki zdrowotnej (POZ)\u201d na podstawie umowy zawartej pomi\u0119dzy Ministerstwem Zdrowia a Narodowym Funduszem Zdrowia w dniu 27 marca 2024 r. Projekt dofinansowany jest ze \u015brodk\u00f3w Europejskiego Funduszu Rozwoju Regionalnego w ramach Programu Fundusze Europejskie na Infrastruktur\u0119, Klimat, \u015arodowisko 2021-2027.<\/p>\n\n\n\n<p class=\"wp-block-paragraph\" style=\"padding-right:var(--wp--preset--spacing--50)\"><strong>Numer i nazwa Osi priorytetowej:&nbsp;<\/strong>Priorytet FENX.06 Zdrowie<br><strong>Numer i nazwa Dzia\u0142ania<\/strong>:&nbsp;FENX.06.01 System ochrony zdrowia<br><strong>Numer projektu<\/strong>:&nbsp;FENX.06.01-IP.03-0001\/23<br><strong>Okres realizacji projektu:&nbsp;<\/strong>do 30.06.2028 r.<br><strong>Dofinansowanie&nbsp;w kwocie:&nbsp;1&nbsp;250&nbsp;000&nbsp;000,00 z\u0142, pochodzi z nast\u0119puj\u0105cych \u017ar\u00f3de\u0142:<\/strong><br>a) ze \u015brodk\u00f3w europejskich w kwocie &nbsp;996&nbsp;375 000,00 z\u0142<br>b) ze \u015brodk\u00f3w dotacji celowej w kwocie 253 625 000,00 z\u0142<\/p>\n\n\n\n<div style=\"height:var(--wp--preset--spacing--50)\" aria-hidden=\"true\" class=\"wp-block-spacer\"><\/div>\n\n\n\n<div class=\"wp-block-columns is-layout-flex wp-container-core-columns-is-layout-632a7431 wp-block-columns-is-layout-flex\" style=\"padding-top:var(--wp--preset--spacing--20);padding-right:0;padding-bottom:var(--wp--preset--spacing--20);padding-left:0\">\n<div class=\"wp-block-column has-custom-color-3-background-color has-background is-layout-flow wp-container-core-column-is-layout-8a9a8d33 wp-block-column-is-layout-flow\" style=\"border-top-left-radius:8px;border-top-right-radius:8px;border-bottom-left-radius:8px;border-bottom-right-radius:8px;padding-top:var(--wp--preset--spacing--30);padding-right:var(--wp--preset--spacing--30);padding-bottom:var(--wp--preset--spacing--30);padding-left:var(--wp--preset--spacing--30);flex-basis:33%\">\n<h2 class=\"wp-block-heading has-lato-font-family\" style=\"margin-bottom:var(--wp--preset--spacing--20)\">Oczekiwane efekty projektu:<\/h2>\n\n\n\n<hr class=\"wp-block-separator has-text-color has-custom-color-2-color has-alpha-channel-opacity has-custom-color-2-background-color has-background is-style-wide is-style-wide--1\"\/>\n\n\n\n<ol style=\"padding-top:0;padding-right:var(--wp--preset--spacing--20);padding-bottom:0;padding-left:var(--wp--preset--spacing--20)\" class=\"wp-block-list\">\n<li style=\"padding-top:var(--wp--preset--spacing--20);padding-bottom:var(--wp--preset--spacing--20)\">Wzrost dost\u0119pno\u015bci do podstawowych i specjalistycznych us\u0142ug zdrowotnych.\u2028<\/li>\n\n\n\n<li style=\"padding-top:var(--wp--preset--spacing--20);padding-bottom:var(--wp--preset--spacing--20)\">Oferowane wsparcie pozwoli na lepsz\u0105 ochron\u0119 zdrowia i dobrostanu obywateli przed zagro\u017ceniami \u2028i negatywnymi skutkami zwi\u0105zanymi ze \u015brodowiskiem.\u2028<\/li>\n\n\n\n<li style=\"padding-top:var(--wp--preset--spacing--20);padding-bottom:var(--wp--preset--spacing--20)\">Wsparcie inwestycyjne POZ mo\u017ce przyczyni\u0107 si\u0119 do otwarcia nowych plac\u00f3wek POZ, zw\u0142aszcza na terenach o mniejszej g\u0119sto\u015bci zaludnienia.\u2028<\/li>\n\n\n\n<li style=\"padding-top:var(--wp--preset--spacing--20);padding-bottom:var(--wp--preset--spacing--20)\">W konsekwencji dzia\u0142a\u0144 projektowych nast\u0105pi poprawa jako\u015bci \u015bwiadczonych us\u0142ug zdrowotnych i wzmocnienie odporno\u015bci systemu medycznego.<\/li>\n<\/ol>\n<\/div>\n\n\n\n<div class=\"wp-block-column has-custom-color-4-background-color has-background is-layout-flow wp-container-core-column-is-layout-8a9a8d33 wp-block-column-is-layout-flow\" style=\"border-top-left-radius:8px;border-top-right-radius:8px;border-bottom-left-radius:8px;border-bottom-right-radius:8px;padding-top:var(--wp--preset--spacing--30);padding-right:var(--wp--preset--spacing--30);padding-bottom:var(--wp--preset--spacing--30);padding-left:var(--wp--preset--spacing--30);flex-basis:33%\">\n<h2 class=\"wp-block-heading has-lato-font-family\" style=\"margin-top:var(--wp--preset--spacing--20);margin-bottom:var(--wp--preset--spacing--40)\">G\u0142\u00f3wne cele Projektu:<\/h2>\n\n\n\n<hr class=\"wp-block-separator has-text-color has-custom-color-5-color has-alpha-channel-opacity has-custom-color-5-background-color has-background is-style-wide is-style-wide--2\"\/>\n\n\n\n<ol style=\"padding-top:0;padding-right:var(--wp--preset--spacing--20);padding-bottom:0;padding-left:var(--wp--preset--spacing--20)\" class=\"wp-block-list\">\n<li style=\"padding-top:var(--wp--preset--spacing--20);padding-bottom:var(--wp--preset--spacing--20)\">Zwi\u0119kszenie dost\u0119pno\u015bci do \u015bwiadcze\u0144 POZ&nbsp;dzia\u0142aj\u0105cych na obszarach s\u0142abiej rozwini\u0119tych gospodarczo i teren\u00f3w wiejskich oraz obszar\u00f3w zagro\u017conych utrat\u0105\/ograniczeniem dost\u0119pu do POZ.\u2028<\/li>\n\n\n\n<li style=\"padding-top:var(--wp--preset--spacing--20);padding-bottom:var(--wp--preset--spacing--20)\">Wsparcie inwestycyjne&nbsp;rozwoju POZ&nbsp;na terenie Polski, dzi\u0119ki czemu wzro\u015bnie dost\u0119pno\u015b\u0107 do \u015bwiadcze\u0144,\u2028a dzi\u0119ki dzia\u0142aniom projektowym wachlarz \u015bwiadcze\u0144 mo\u017ce zosta\u0107 poszerzony.\u2028<\/li>\n\n\n\n<li style=\"padding-top:var(--wp--preset--spacing--20);padding-bottom:var(--wp--preset--spacing--20)\">Zwi\u0119kszenie dost\u0119pno\u015bci \u2028i efektywno\u015bci systemu opieki zdrowotnej, kt\u00f3re przyczyni si\u0119 do niwelowania r\u00f3\u017cnic regionalnych \u2028w dost\u0119pno\u015bci do us\u0142ug zdrowotnych.<\/li>\n<\/ol>\n<\/div>\n\n\n\n<div class=\"wp-block-column has-custom-color-6-background-color has-background is-layout-flow wp-container-core-column-is-layout-8a9a8d33 wp-block-column-is-layout-flow\" style=\"border-top-left-radius:8px;border-top-right-radius:8px;border-bottom-left-radius:8px;border-bottom-right-radius:8px;padding-top:var(--wp--preset--spacing--30);padding-right:var(--wp--preset--spacing--30);padding-bottom:var(--wp--preset--spacing--30);padding-left:var(--wp--preset--spacing--30);flex-basis:33%\">\n<h2 class=\"wp-block-heading has-lato-font-family\" style=\"margin-bottom:var(--wp--preset--spacing--20)\">Mo\u017cliwy zakres dzia\u0142a\u0144 w ramach projektu:<\/h2>\n\n\n\n<hr class=\"wp-block-separator has-text-color has-accent-3-color has-alpha-channel-opacity has-accent-3-background-color has-background is-style-wide is-style-wide--3\"\/>\n\n\n\n<ol style=\"padding-right:var(--wp--preset--spacing--20);padding-left:var(--wp--preset--spacing--20)\" class=\"wp-block-list\">\n<li style=\"padding-top:0;padding-right:0;padding-bottom:var(--wp--preset--spacing--20);padding-left:0\">Zakup sprz\u0119tu i wyposa\u017cenia medycznego&nbsp;na potrzeby dzia\u0142a\u0144 diagnostycznych, \u015bwiadcze\u0144 profilaktycznych, wzmocnienia opieki domowej nad pacjentami oraz opieki fizjoterapeutycznej.\u2028<\/li>\n\n\n\n<li style=\"padding-top:0;padding-right:0;padding-bottom:var(--wp--preset--spacing--20);padding-left:0\">Zakup sprz\u0119tu serwerowo \u2013 sieciowego, sprz\u0119tu komputerowego oraz oprogramowania teleinformatycznego.\u2028<\/li>\n\n\n\n<li style=\"padding-top:0;padding-right:0;padding-bottom:var(--wp--preset--spacing--20);padding-left:0\">Roboty budowlane&nbsp;\u2013 w zakresie infrastruktury niezb\u0119dnej do prowadzenia dzia\u0142alno\u015bci leczniczej, kt\u00f3rych celem b\u0119dzie dostosowanie \u2028i poprawa funkcjonalno\u015bci pomieszcze\u0144 do poszerzanych \u015bwiadcze\u0144 zdrowotnych w zakresie profilaktyki, diagnostyki i leczenia na poziomie POZ, z za\u0142o\u017ceniem \u017ce przedmiotowe roboty nie zmieniaj\u0105 kubatury budynku oraz nie wymagaj\u0105 dodatkowych pozwole\u0144\/zg\u00f3d.<\/li>\n<\/ol>\n<\/div>\n<\/div>\n\n\n\n<div style=\"height:var(--wp--preset--spacing--50)\" aria-hidden=\"true\" class=\"wp-block-spacer\"><\/div>\n\n\n\n<div class=\"wp-block-columns is-layout-flex wp-container-core-columns-is-layout-7cdc19ee wp-block-columns-is-layout-flex\" style=\"padding-right:0;padding-left:0\">\n<div class=\"wp-block-column is-layout-flow wp-block-column-is-layout-flow\">\n<figure class=\"wp-block-image size-large has-custom-border\"><img loading=\"lazy\" decoding=\"async\" width=\"768\" height=\"1024\" src=\"https:\/\/feniks.nfz.gov.pl\/wp-content\/uploads\/2026\/03\/1.-Ergometr-768x1024.jpg\" alt=\"\" class=\"wp-image-3370\" style=\"border-top-left-radius:8px;border-top-right-radius:8px;border-bottom-left-radius:8px;border-bottom-right-radius:8px\" srcset=\"https:\/\/feniks.nfz.gov.pl\/wp-content\/uploads\/2026\/03\/1.-Ergometr-768x1024.jpg 768w, https:\/\/feniks.nfz.gov.pl\/wp-content\/uploads\/2026\/03\/1.-Ergometr-225x300.jpg 225w, https:\/\/feniks.nfz.gov.pl\/wp-content\/uploads\/2026\/03\/1.-Ergometr-1.jpg 788w\" sizes=\"auto, (max-width: 768px) 100vw, 768px\" \/><figcaption class=\"wp-element-caption\">Ergonometr, Kujawsko-pomorskie<\/figcaption><\/figure>\n<\/div>\n\n\n\n<div class=\"wp-block-column is-layout-flow wp-block-column-is-layout-flow\" style=\"flex-basis:60%\">\n<p class=\"wp-block-paragraph\">Wsparcie plac\u00f3wek POZ w ramach projektu, dotyczy\u0107 b\u0119dzie zakupu sprz\u0119tu medycznego i wyposa\u017cenia wspomagaj\u0105cych proces udzielania \u015bwiadcze\u0144 zdrowotnych oraz sprz\u0119tu i oprogramowania teleinformatycznego, a tak\u017ce wykonania rob\u00f3t budowlanych celem dostosowania si\u0119 podmiot\u00f3w do \u015bwiadczenia nowych funkcji zdrowotnych, zgodnie z wprowadzanymi systematycznie reformami, takimi jak np. podstawowa opieka fizjoterapeutyczna, rozszerzony zakres diagnostyki, opieka koordynowana, opieka dietetyka, edukacja zdrowotna.<\/p>\n\n\n\n<p class=\"wp-block-paragraph\">Projekt jest realizowany w formule grantowej i &nbsp;skierowany jest do wszystkich podmiot\u00f3w wykonuj\u0105cych dzia\u0142alno\u015b\u0107 lecznicz\u0105, posiadaj\u0105cych umow\u0119 z NFZ o udzielanie \u015bwiadcze\u0144 w ramach POZ. Grantobiorc\u0105 mo\u017ce zosta\u0107 podmiot wykonuj\u0105cy dzia\u0142alno\u015b\u0107 lecznicz\u0105, posiadaj\u0105cy umow\u0119 z Narodowym Funduszem Zdrowia o udzielanie \u015bwiadcze\u0144 w ramach POZ na podstawie Ustawy o \u015bwiadczeniach opieki zdrowotnej finansowanych ze \u015brodk\u00f3w publicznych (Dz. U. z 2022 poz. 2561 z p\u00f3\u017an. zm.) oraz rozporz\u0105dze\u0144 Ministra Zdrowia dla poszczeg\u00f3lnych \u015bwiadcze\u0144 gwarantowanych, w tym dla podstawowej opieki zdrowotnej (Dz.U z 2021 poz. 540 z p\u00f3\u017a. zm).<\/p>\n<\/div>\n<\/div>\n\n\n\n<div style=\"height:var(--wp--preset--spacing--50)\" aria-hidden=\"true\" class=\"wp-block-spacer\"><\/div>\n\n\n\n<div class=\"wp-block-columns is-layout-flex wp-container-core-columns-is-layout-0d9f987f wp-block-columns-is-layout-flex\" style=\"padding-right:0;padding-left:0\">\n<div class=\"wp-block-column is-layout-flow wp-block-column-is-layout-flow\" style=\"padding-right:0;padding-left:0\">\n<h1 class=\"wp-block-heading has-lato-font-family\" style=\"margin-bottom:var(--wp--preset--spacing--40)\">Zadania Projektowe<\/h1>\n\n\n\n<h2 class=\"wp-block-heading has-lato-font-family\"><img loading=\"lazy\" decoding=\"async\" width=\"30\" height=\"23\" class=\"wp-image-3594\" style=\"width: 30px;\" src=\"https:\/\/feniks.nfz.gov.pl\/wp-content\/uploads\/2026\/03\/Zadania-ikonka.png\" alt=\"\">Zadanie pierwsze:<br>Nab\u00f3r wniosk\u00f3w grantowych<\/h2>\n\n\n\n<p class=\"is-style-default wp-block-paragraph\">W ramach zadania NFZ przeprowadzi nabory grantowe w celu wy\u0142onienia plac\u00f3wek POZ (Grantobiorc\u00f3w), kt\u00f3rym przyznane zostan\u0105 granty. Zakres rzeczowy grantu zosta\u0142 okre\u015blony w Procedurze oceny i wyboru wniosk\u00f3w o powierzenie grantu. <\/p>\n\n\n\n<h3 class=\"wp-block-heading has-lato-font-family\">Ka\u017cdy nab\u00f3r jest podzielony na 2 cz\u0119\u015bci: <\/h3>\n\n\n\n<ul class=\"wp-block-list\">\n<li>Cz\u0119\u015b\u0107 przygotowawcza obejmuje proces sk\u0142adania wniosk\u00f3w przez potencjalnych Grantobiorc\u00f3w oraz rozpatrywanie tych wniosk\u00f3w przez Grantodawc\u0119 (NFZ). <\/li>\n\n\n\n<li>W ramach cz\u0119\u015bci inwestycyjnej NFZ b\u0119dzie przyznawa\u0142 i rozlicza\u0142 granty.<\/li>\n<\/ul>\n\n\n\n<div style=\"height:var(--wp--preset--spacing--50)\" aria-hidden=\"true\" class=\"wp-block-spacer\"><\/div>\n<\/div>\n\n\n\n<div class=\"wp-block-column is-layout-flow wp-block-column-is-layout-flow\" style=\"padding-right:0;padding-left:0;flex-basis:60%\">\n<div class=\"wp-block-buttons is-content-justification-center is-layout-flex wp-container-core-buttons-is-layout-77216e49 wp-block-buttons-is-layout-flex\" style=\"padding-top:var(--wp--preset--spacing--30);padding-bottom:0\">\n<div class=\"wp-block-button\"><a class=\"wp-block-button__link wp-element-button\" href=\"https:\/\/feniks.nfz.gov.pl\/index.php\/materialy\/\">obowi\u0105zki informacyjno-promocyjne<\/a><\/div>\n<\/div>\n\n\n\n<div style=\"height:var(--wp--preset--spacing--30)\" aria-hidden=\"true\" class=\"wp-block-spacer\"><\/div>\n\n\n\n<h2 class=\"wp-block-heading has-lato-font-family\"><img loading=\"lazy\" decoding=\"async\" width=\"30\" height=\"23\" class=\"wp-image-3594\" style=\"width: 30px;\" src=\"https:\/\/feniks.nfz.gov.pl\/wp-content\/uploads\/2026\/03\/Zadania-ikonka.png\" alt=\"\">Zadanie drugie:<br>Dzia\u0142ania promocyjne projektu<\/h2>\n\n\n\n<p class=\"wp-block-paragraph\">NFZ jako Beneficjent realizuje dzia\u0142ania promocyjne, aby dotrze\u0107 z informacj\u0105 o projekcie do jak najwi\u0119kszego grona odbiorc\u00f3w, a przede wszystkim do potencjalnych Grantobiorc\u00f3w. W czasie trwania projektu \u2013 od rozpocz\u0119cia do zako\u0144czenia, planowany jest szeroki wachlarz tego typu dzia\u0142a\u0144. <\/p>\n\n\n\n<h3 class=\"wp-block-heading has-lato-font-family\">Zostan\u0105 zastosowane nast\u0119puj\u0105ce narz\u0119dzia i kana\u0142y komunikacji:<\/h3>\n\n\n\n<ul class=\"wp-block-list\">\n<li>Konferencje informacyjne w ka\u017cdym wojew\u00f3dztwie\u2028w trakcie trwania projektu, podczas kt\u00f3rych uczestnicy zostan\u0105 zapoznani z za\u0142o\u017ceniami projektu i warunkami przyst\u0105pienia do projektu Grantobiorc\u00f3w.\u2028<\/li>\n\n\n\n<li>Uruchomienie strony internetowej projektu.\u2028<\/li>\n\n\n\n<li>Wykonanie i wydruk plakat\u00f3w oraz ulotek do rozdysponowania w Oddzia\u0142ach Wojew\u00f3dzkich oraz \u2028w urz\u0119dach samorz\u0105dowych na terenie kraju.\u2028<\/li>\n\n\n\n<li>Webinaria, seminaria i inne dzia\u0142ania informacyjne.\u2028<\/li>\n\n\n\n<li>Oznaczanie znakiem UE i znakiem Funduszy Europejskich wszystkich materia\u0142\u00f3w u\u017cytych podczas promocji projektu.\u2028<\/li>\n\n\n\n<li>Konferencja\/seminarium podsumowuj\u0105ce projekt\u2028w formie on-line, stacjonarnej lub hybrydowej.<\/li>\n<\/ul>\n<\/div>\n<\/div>\n\n\n\n<div style=\"height:var(--wp--preset--spacing--50)\" aria-hidden=\"true\" class=\"wp-block-spacer\"><\/div>\n\n\n\n<h1 class=\"wp-block-heading has-lato-font-family\">Wysoko\u015b\u0107 wsparcia<\/h1>\n\n\n\n<p class=\"wp-block-paragraph\">Na podstawie art. 41 ust. 6 ustawy z dnia 28 kwietnia 2022 r. o zasadach realizacji zada\u0144 finansowanych ze \u015brodk\u00f3w europejskich w perspektywie finansowej 2021-2027 (Dz. U. poz. 1079), zgodnie z kt\u00f3rym warto\u015b\u0107 grantu przekazanego grantobiorcy nie mo\u017ce przekroczy\u0107 r\u00f3wnowarto\u015bci w z\u0142otych 200 000 EUR, uprzejmie informujemy, \u017ce ww. limit dotyczy maksymalnej wysoko\u015bci grantu, jak\u0105 jeden grantobiorca mo\u017ce otrzyma\u0107 w ramach tego samego projektu grantowego.&nbsp;<\/p>\n\n\n\n<p class=\"wp-block-paragraph\">Innymi s\u0142owy w ramach projektu grantowego jeden podmiot mo\u017ce otrzyma\u0107 granty do wysoko\u015bci \u0142\u0105cznej 200 000 EUR.<\/p>\n\n\n\n<p class=\"wp-block-paragraph\">Je\u017celi zatem podmiot POZ b\u0119d\u0105cy grantobiorc\u0105 z\u0142o\u017cy\u0142 wniosek o powierzenie grantu na kilka miejsc udzielania \u015bwiadcze\u0144 i na ka\u017cde z tych miejsc mo\u017ce otrzyma\u0107 dofinansowania, limit 200 000 EUR odnosi si\u0119 do sumy dofinansowania na wszystkie miejsca udzielania \u015bwiadcze\u0144.<\/p>\n\n\n\n<p class=\"wp-block-paragraph\">Warto\u015b\u0107 wyp\u0142acanej kwoty przelicza si\u0119 wed\u0142ug miesi\u0119cznego obrachunkowego kursu wymiany waluty stosowanego przez KE, aktualnego na dzie\u0144 og\u0142oszenia naboru.<\/p>\n\n\n\n<p class=\"wp-block-paragraph\">Dla I naboru z 6 sierpnia 2024 r. kurs wynosi\u0142 4.2838 z\u0142, natomiast dla II naboru z 20 lutego 2026 jest to 4.2033 z\u0142.<\/p>\n\n\n\n<p class=\"wp-block-paragraph\"><strong>Oznacza to, \u017ce w II naborze grantobiorcy mog\u0105 ubiega\u0107 si\u0119 o maksymalnie 840 660 z\u0142.<\/strong><\/p>\n\n\n\n<div style=\"height:var(--wp--preset--spacing--50)\" aria-hidden=\"true\" class=\"wp-block-spacer\"><\/div>\n\n\n\n<p class=\"has-text-align-center has-large-font-size wp-block-paragraph\"><strong>#FunduszeEuropejskie&nbsp;#FunduszeUE&nbsp;#WsparciePOZ<\/strong><\/p>\n","protected":false},"excerpt":{"rendered":"<p>Narodowy Fundusz Zdrowia realizuje projekt \u201eWsparcie podstawowej opieki zdrowotnej (POZ)\u201d na podstawie umowy zawartej pomi\u0119dzy Ministerstwem Zdrowia a Narodowym Funduszem Zdrowia w dniu 27 marca 2024 r. Projekt dofinansowany jest ze \u015brodk\u00f3w Europejskiego Funduszu Rozwoju Regionalnego w ramach Programu Fundusze Europejskie na Infrastruktur\u0119, Klimat, \u015arodowisko 2021-2027. Numer i nazwa Osi priorytetowej:&nbsp;Priorytet FENX.06 ZdrowieNumer i nazwa [&hellip;]<\/p>\n","protected":false},"author":9,"featured_media":0,"parent":0,"menu_order":0,"comment_status":"closed","ping_status":"closed","template":"","meta":{"_crdt_document":"","footnotes":""},"class_list":["post-3334","page","type-page","status-publish","hentry"],"_links":{"self":[{"href":"https:\/\/feniks.nfz.gov.pl\/index.php\/wp-json\/wp\/v2\/pages\/3334","targetHints":{"allow":["GET"]}}],"collection":[{"href":"https:\/\/feniks.nfz.gov.pl\/index.php\/wp-json\/wp\/v2\/pages"}],"about":[{"href":"https:\/\/feniks.nfz.gov.pl\/index.php\/wp-json\/wp\/v2\/types\/page"}],"author":[{"embeddable":true,"href":"https:\/\/feniks.nfz.gov.pl\/index.php\/wp-json\/wp\/v2\/users\/9"}],"replies":[{"embeddable":true,"href":"https:\/\/feniks.nfz.gov.pl\/index.php\/wp-json\/wp\/v2\/comments?post=3334"}],"version-history":[{"count":33,"href":"https:\/\/feniks.nfz.gov.pl\/index.php\/wp-json\/wp\/v2\/pages\/3334\/revisions"}],"predecessor-version":[{"id":3847,"href":"https:\/\/feniks.nfz.gov.pl\/index.php\/wp-json\/wp\/v2\/pages\/3334\/revisions\/3847"}],"wp:attachment":[{"href":"https:\/\/feniks.nfz.gov.pl\/index.php\/wp-json\/wp\/v2\/media?parent=3334"}],"curies":[{"name":"wp","href":"https:\/\/api.w.org\/{rel}","templated":true}]}}