{"id":2896,"date":"2026-02-09T08:55:22","date_gmt":"2026-02-09T08:55:22","guid":{"rendered":"https:\/\/feniks.nfz.gov.pl\/?page_id=2896"},"modified":"2026-02-20T15:19:44","modified_gmt":"2026-02-20T15:19:44","slug":"procedura-do-20-02-2026","status":"publish","type":"page","link":"https:\/\/feniks.nfz.gov.pl\/index.php\/procedura-do-20-02-2026\/","title":{"rendered":"Procedura do 20.02.2026"},"content":{"rendered":"\n<div style=\"height:20px\" aria-hidden=\"true\" class=\"wp-block-spacer\"><\/div>\n\n\n\n<p class=\"wp-block-paragraph\" style=\"font-size:clamp(0.901rem, 0.901rem + ((1vw - 0.2rem) * 1.239), 1.35rem);\">Procedura okre\u015bla zasady realizacji Projektu Grantowego I naboru do Przedsi\u0119wzi\u0119\u0107 w ramach Projektu grantowego nr FENX.06.01-IP.03-0001\/23 pod nazw\u0105 \u201eWsparcie podstawowej opieki zdrowotnej (POZ)\u201d, realizowanego w ramach Programu Fundusze Europejskie na Infrastruktur\u0119, Klimat, \u015arodowisko 2021-2027 wsp\u00f3\u0142finansowanego ze \u015brodk\u00f3w Europejskiego Funduszu Rozwoju Regionalnego, realizowanego na podstawie Umowy o dofinansowanie nr FENX.06.01-IP.03-0001\/23-00\/1374\/2024\/17 Projektu grantowego \u201eWsparcie podstawowej opieki zdrowotnej (POZ)\u201d.\u2028W Procedurze zamie\u015bcili\u015bmy wszystkie niezb\u0119dne informacje jak ubiega\u0107 si\u0119 o grant.<\/p>\n\n\n\n<div class=\"wp-block-file\"><a id=\"wp-block-file--media-227df3eb-5d7d-42bf-bd15-d7f362d13f34\" href=\"https:\/\/feniks.nfz.gov.pl\/wp-content\/uploads\/2025\/01\/Procedura-realizacji-naboru-do-Przedsiewziecia-Wsparcie-podstawowej-opieki-zdrowotnej-POZ_tekst-jednolity_21_08_2024-1.pdf\"><img decoding=\"async\" class=\"wp-image-3081\" style=\"width: 25px;\" src=\"https:\/\/feniks.nfz.gov.pl\/wp-content\/uploads\/2026\/02\/Ikonka_PLIK_PDF.png\" alt=\"\">  <strong>Procedura realizacji naboru do Przedsi\u0119wzi\u0119cia Wsparcie podstawowej opieki zdrowotnej (POZ)_tekst jednolity_21_08_2024<\/strong><\/a><\/div>\n\n\n\n<div class=\"wp-block-file\"><a id=\"wp-block-file--media-b29a57f7-c1a9-4e94-8a3f-c08a27216b7c\" href=\"https:\/\/feniks.nfz.gov.pl\/wp-content\/uploads\/2025\/01\/Zal_-1-Zestawienie-zakresu-rzeczowego-grantu.zip\"><img loading=\"lazy\" decoding=\"async\" width=\"30\" height=\"30\" class=\"wp-image-996\" style=\"width: 30px;\" src=\"https:\/\/feniks.nfz.gov.pl\/wp-content\/uploads\/2025\/01\/7zip-logo1.jpg\" alt=\"\" srcset=\"https:\/\/feniks.nfz.gov.pl\/wp-content\/uploads\/2025\/01\/7zip-logo1.jpg 474w, https:\/\/feniks.nfz.gov.pl\/wp-content\/uploads\/2025\/01\/7zip-logo1-300x300.jpg 300w, https:\/\/feniks.nfz.gov.pl\/wp-content\/uploads\/2025\/01\/7zip-logo1-150x150.jpg 150w\" sizes=\"auto, (max-width: 30px) 100vw, 30px\" \/> <strong>Za\u0142_ 1 &#8211; Zestawienie zakresu rzeczowego grantu<\/strong><\/a><\/div>\n\n\n\n<div class=\"wp-block-file\"><a id=\"wp-block-file--media-eaf1ac7b-88ec-431f-8793-3cfac1332e55\" href=\"https:\/\/feniks.nfz.gov.pl\/wp-content\/uploads\/2025\/01\/Zal.-2-Wzor-Wniosku-o-powierzenie-grantu-3.pdf\"><img decoding=\"async\" class=\"wp-image-3081\" style=\"width: 25px;\" src=\"https:\/\/feniks.nfz.gov.pl\/wp-content\/uploads\/2026\/02\/Ikonka_PLIK_PDF.png\" alt=\"\">  <strong>Za\u0142. 2 &#8211; Wz\u00f3r Wniosku o powierzenie grantu<\/strong><\/a><\/div>\n\n\n\n<div class=\"wp-block-file\"><a id=\"wp-block-file--media-0081531b-cbda-4964-a809-85915b046e76\" href=\"https:\/\/feniks.nfz.gov.pl\/wp-content\/uploads\/2025\/01\/Zal.-2a-do-wniosku-wzor-oswiadczenia-do-dysponowanie-nieruchomoscia-3.pdf\"><img decoding=\"async\" class=\"wp-image-3081\" style=\"width: 25px;\" src=\"https:\/\/feniks.nfz.gov.pl\/wp-content\/uploads\/2026\/02\/Ikonka_PLIK_PDF.png\" alt=\"\">  <strong>Za\u0142. 2a do wniosku &#8211; wz\u00f3r o\u015bwiadczenia do dysponowanie nieruchomo\u015bci\u0105<\/strong><\/a><\/div>\n\n\n\n<div class=\"wp-block-file\"><a id=\"wp-block-file--media-215e81d8-c519-4a05-9ca3-e9282560841d\" href=\"https:\/\/feniks.nfz.gov.pl\/wp-content\/uploads\/2025\/01\/Zal.-2b-do-Wniosku-wzor-oswiadczenia-dot.-dofinansowania-z-innych-zrodel-3.pdf\"><img decoding=\"async\" class=\"wp-image-3081\" style=\"width: 25px;\" src=\"https:\/\/feniks.nfz.gov.pl\/wp-content\/uploads\/2026\/02\/Ikonka_PLIK_PDF.png\" alt=\"\">  <strong>Za\u0142. 2b do Wniosku &#8211; wz\u00f3r o\u015bwiadczenia dot. dofinansowania z innych \u017ar\u00f3de\u0142<\/strong><\/a><\/div>\n\n\n\n<div class=\"wp-block-file\"><a id=\"wp-block-file--media-f90dd1e7-4175-4031-8f96-fcf8f1b165fb\" href=\"https:\/\/feniks.nfz.gov.pl\/wp-content\/uploads\/2025\/01\/Zal.-2c-do-Wniosku-Wzor-oswiadczenia-dot.-pomocy-publicznej-3.pdf\"><img decoding=\"async\" class=\"wp-image-3081\" style=\"width: 25px;\" src=\"https:\/\/feniks.nfz.gov.pl\/wp-content\/uploads\/2026\/02\/Ikonka_PLIK_PDF.png\" alt=\"\">  <strong>Za\u0142. 2c do Wniosku &#8211; Wz\u00f3r o\u015bwiadczenia dot. pomocy publicznej<\/strong><\/a><\/div>\n\n\n\n<div class=\"wp-block-file\"><a id=\"wp-block-file--media-27c93ecd-0d36-4f50-97d2-5e11cb02811d\" href=\"https:\/\/feniks.nfz.gov.pl\/wp-content\/uploads\/2025\/01\/Zal.-3-Wykaz-kryteriow-wyboru-Grantobiorcow-2.pdf\"><img decoding=\"async\" class=\"wp-image-3081\" style=\"width: 25px;\" src=\"https:\/\/feniks.nfz.gov.pl\/wp-content\/uploads\/2026\/02\/Ikonka_PLIK_PDF.png\" alt=\"\">  <strong>Za\u0142. 3 &#8211; Wykaz kryteri\u00f3w wyboru Grantobiorc\u00f3w<\/strong><\/a><\/div>\n\n\n\n<div class=\"wp-block-file\"><a id=\"wp-block-file--media-54e2b897-6147-4a0e-b8d8-7f52a7c37318\" href=\"https:\/\/feniks.nfz.gov.pl\/wp-content\/uploads\/2025\/01\/Zal.-4-Arkusz-oceny-wniosku-o-powierzenie-grantu-2.pdf\"><img decoding=\"async\" class=\"wp-image-3081\" style=\"width: 25px;\" src=\"https:\/\/feniks.nfz.gov.pl\/wp-content\/uploads\/2026\/02\/Ikonka_PLIK_PDF.png\" alt=\"\">  <strong>Za\u0142. 4 &#8211; Arkusz oceny wniosku o powierzenie grantu<\/strong><\/a><\/div>\n\n\n\n<div class=\"wp-block-file\"><a id=\"wp-block-file--media-7101dfc3-0d4e-4be1-a3d2-4a276e7de3f5\" href=\"https:\/\/feniks.nfz.gov.pl\/wp-content\/uploads\/2025\/01\/Zal.-5-Wzor-umowy-o-powierzenie-grantu-1.pdf\"><img decoding=\"async\" class=\"wp-image-3081\" style=\"width: 25px;\" src=\"https:\/\/feniks.nfz.gov.pl\/wp-content\/uploads\/2026\/02\/Ikonka_PLIK_PDF.png\" alt=\"\">  <strong>Za\u0142. 5 &#8211; Wz\u00f3r umowy o powierzenie grantu<\/strong><\/a><\/div>\n\n\n\n<div class=\"wp-block-file\"><a id=\"wp-block-file--media-1fc1a674-c341-451d-8b4d-2d03869d27f5\" href=\"https:\/\/feniks.nfz.gov.pl\/wp-content\/uploads\/2025\/07\/Wzor-sprawozdania-zal.-6.xlsx\"><img decoding=\"async\" class=\"wp-image-3080\" style=\"width: 25px;\" src=\"https:\/\/feniks.nfz.gov.pl\/wp-content\/uploads\/2026\/02\/Ikonka_PLIK_EXEL.png\" alt=\"\">  <strong>Wz\u00f3r sprawozdania (za\u0142. 6)<\/strong><\/a><\/div>\n\n\n\n<div class=\"wp-block-file\"><a id=\"wp-block-file--media-8f4a656f-ed0d-4a73-bf69-a39616c7438c\" href=\"https:\/\/feniks.nfz.gov.pl\/wp-content\/uploads\/2025\/07\/Przykladowo-wypelniony-zalacznik-nr-6-wzor-sprawozdania_25.07.2025.pdf\"><img decoding=\"async\" class=\"wp-image-3081\" style=\"width: 25px;\" src=\"https:\/\/feniks.nfz.gov.pl\/wp-content\/uploads\/2026\/02\/Ikonka_PLIK_PDF.png\" alt=\"\">  <strong>Przyk\u0142adowo wype\u0142niony za\u0142\u0105cznik nr 6 &#8211; wz\u00f3r sprawozdania_25.07.2025<\/strong><\/a><\/div>\n\n\n\n<div class=\"wp-block-file\"><a id=\"wp-block-file--media-0b7ae347-9623-45c2-98d0-4733661d05c5\" href=\"https:\/\/feniks.nfz.gov.pl\/wp-content\/uploads\/2025\/01\/Zalacznik-nr-4-do-umowy-HRP.zip\"><img loading=\"lazy\" decoding=\"async\" width=\"30\" height=\"30\" class=\"wp-image-996\" style=\"width: 30px;\" src=\"https:\/\/feniks.nfz.gov.pl\/wp-content\/uploads\/2025\/01\/7zip-logo1.jpg\" alt=\"\" srcset=\"https:\/\/feniks.nfz.gov.pl\/wp-content\/uploads\/2025\/01\/7zip-logo1.jpg 474w, https:\/\/feniks.nfz.gov.pl\/wp-content\/uploads\/2025\/01\/7zip-logo1-300x300.jpg 300w, https:\/\/feniks.nfz.gov.pl\/wp-content\/uploads\/2025\/01\/7zip-logo1-150x150.jpg 150w\" sizes=\"auto, (max-width: 30px) 100vw, 30px\" \/> <strong>Za\u0142\u0105cznik nr 4 do umowy &#8211; HRP<\/strong><\/a><\/div>\n\n\n\n<div class=\"wp-block-file\"><a id=\"wp-block-file--media-292b263c-d829-4846-821e-daf0ea4b606a\" href=\"https:\/\/feniks.nfz.gov.pl\/wp-content\/uploads\/2025\/01\/Zalacznik-nr-5-do-umowy-HP.zip\"><img loading=\"lazy\" decoding=\"async\" width=\"30\" height=\"30\" class=\"wp-image-996\" style=\"width: 30px;\" src=\"https:\/\/feniks.nfz.gov.pl\/wp-content\/uploads\/2025\/01\/7zip-logo1.jpg\" alt=\"\" srcset=\"https:\/\/feniks.nfz.gov.pl\/wp-content\/uploads\/2025\/01\/7zip-logo1.jpg 474w, https:\/\/feniks.nfz.gov.pl\/wp-content\/uploads\/2025\/01\/7zip-logo1-300x300.jpg 300w, https:\/\/feniks.nfz.gov.pl\/wp-content\/uploads\/2025\/01\/7zip-logo1-150x150.jpg 150w\" sizes=\"auto, (max-width: 30px) 100vw, 30px\" \/> <strong>Za\u0142\u0105cznik nr 5 do umowy &#8211; HP<\/strong><\/a><\/div>\n\n\n\n<div class=\"wp-block-file\"><a id=\"wp-block-file--media-b6c78433-60aa-4520-9774-336413ddda5e\" href=\"https:\/\/feniks.nfz.gov.pl\/index.php\/procedura-grantowa\/zalacznik-nr-6-do-umowy-wzor-oswiadczenia-o-niepodleganiu-wykluczeniu-z-mozliwosci-otrzymania-grantu-4\/\"><img decoding=\"async\" class=\"wp-image-3081\" style=\"width: 25px;\" src=\"https:\/\/feniks.nfz.gov.pl\/wp-content\/uploads\/2026\/02\/Ikonka_PLIK_PDF.png\" alt=\"\">  <strong>Za\u0142\u0105cznik nr 6 do umowy &#8211; Wz\u00f3r o\u015bwiadczenia o niepodleganiu wykluczeniu z mo\u017cliwo\u015bci otrzymania grantu<\/strong><\/a><\/div>\n\n\n\n<div class=\"wp-block-file\"><a id=\"wp-block-file--media-33e5cefa-2687-42a0-8c70-5b8a94e3d9ce\" href=\"https:\/\/feniks.nfz.gov.pl\/wp-content\/uploads\/2025\/01\/Zalacznik-nr-7-do-umowy-Wzor-oswiadczenia-o-kwalifikowalnosci-podatku-od-towarow-i-uslug.pdf\"><img decoding=\"async\" class=\"wp-image-3081\" style=\"width: 25px;\" src=\"https:\/\/feniks.nfz.gov.pl\/wp-content\/uploads\/2026\/02\/Ikonka_PLIK_PDF.png\" alt=\"\">  <strong>Za\u0142\u0105cznik nr 7 do umowy &#8211; Wz\u00f3r o\u015bwiadczenia o kwalifikowalno\u015bci podatku od towar\u00f3w i us\u0142ug<\/strong><\/a><\/div>\n\n\n\n<div class=\"wp-block-file\"><a id=\"wp-block-file--media-e9106d59-6bb6-4f0e-8bab-72a29455ef5b\" href=\"https:\/\/feniks.nfz.gov.pl\/wp-content\/uploads\/2025\/01\/Zalacznik-nr-8-do-umowy-Wzor-Oswiadczenia-o-braku-wspolpracy-z-Rosja-1.pdf\"><img decoding=\"async\" class=\"wp-image-3081\" style=\"width: 25px;\" src=\"https:\/\/feniks.nfz.gov.pl\/wp-content\/uploads\/2026\/02\/Ikonka_PLIK_PDF.png\" alt=\"\">  <strong>Za\u0142\u0105cznik nr 8 do umowy &#8211; Wz\u00f3r O\u015bwiadczenia o braku wsp\u00f3\u0142pracy z Rosj\u0105<\/strong><\/a><\/div>\n\n\n\n<div class=\"wp-block-file\"><a id=\"wp-block-file--media-723c1b94-933f-45da-aef8-0a49edcaa310\" href=\"https:\/\/feniks.nfz.gov.pl\/wp-content\/uploads\/2025\/01\/Zalacznik-nr-9-do-umowy-Klauzula-informacyjna-1.pdf\"><img decoding=\"async\" class=\"wp-image-3081\" style=\"width: 25px;\" src=\"https:\/\/feniks.nfz.gov.pl\/wp-content\/uploads\/2026\/02\/Ikonka_PLIK_PDF.png\" alt=\"\">  <strong>Za\u0142\u0105cznik nr 9 do umowy &#8211; Klauzula informacyjna<\/strong><\/a><\/div>\n\n\n\n<div class=\"wp-block-file\"><a id=\"wp-block-file--media-6561f03d-112d-4ae0-915d-bc16594e8f17\" href=\"https:\/\/feniks.nfz.gov.pl\/wp-content\/uploads\/2025\/01\/Zalacznik-nr-10-do-umowy-Zakres-kategorii-udostepnianych-danych-osobowych-1.pdf\"><img decoding=\"async\" class=\"wp-image-3081\" style=\"width: 25px;\" src=\"https:\/\/feniks.nfz.gov.pl\/wp-content\/uploads\/2026\/02\/Ikonka_PLIK_PDF.png\" alt=\"\">  <strong>Za\u0142\u0105cznik nr 10 do umowy &#8211; Zakres kategorii udost\u0119pnianych danych osobowych<\/strong><\/a><\/div>\n\n\n\n<div style=\"height:20px\" aria-hidden=\"true\" class=\"wp-block-spacer\"><\/div>\n\n\n\n<p class=\"wp-block-paragraph\" style=\"font-size:clamp(0.901rem, 0.901rem + ((1vw - 0.2rem) * 1.239), 1.35rem);\">Dokumenty w wersji edytowalnej s\u0105 dost\u0119pne <strong>do pobrania<\/strong> w zak\u0142adce &#8222;Dokumenty aplikacyjne&#8221;<\/p>\n\n\n\n<p class=\"wp-block-paragraph\"><\/p>\n","protected":false},"excerpt":{"rendered":"<p>Procedura okre\u015bla zasady realizacji Projektu Grantowego I naboru do Przedsi\u0119wzi\u0119\u0107 w ramach Projektu grantowego nr FENX.06.01-IP.03-0001\/23 pod nazw\u0105 \u201eWsparcie podstawowej opieki zdrowotnej (POZ)\u201d, realizowanego w ramach Programu Fundusze Europejskie na Infrastruktur\u0119, Klimat, \u015arodowisko 2021-2027 wsp\u00f3\u0142finansowanego ze \u015brodk\u00f3w Europejskiego Funduszu Rozwoju Regionalnego, realizowanego na podstawie Umowy o dofinansowanie nr FENX.06.01-IP.03-0001\/23-00\/1374\/2024\/17 Projektu grantowego \u201eWsparcie podstawowej opieki zdrowotnej [&hellip;]<\/p>\n","protected":false},"author":1,"featured_media":0,"parent":0,"menu_order":0,"comment_status":"closed","ping_status":"closed","template":"","meta":{"_crdt_document":"","footnotes":""},"class_list":["post-2896","page","type-page","status-publish","hentry"],"_links":{"self":[{"href":"https:\/\/feniks.nfz.gov.pl\/index.php\/wp-json\/wp\/v2\/pages\/2896","targetHints":{"allow":["GET"]}}],"collection":[{"href":"https:\/\/feniks.nfz.gov.pl\/index.php\/wp-json\/wp\/v2\/pages"}],"about":[{"href":"https:\/\/feniks.nfz.gov.pl\/index.php\/wp-json\/wp\/v2\/types\/page"}],"author":[{"embeddable":true,"href":"https:\/\/feniks.nfz.gov.pl\/index.php\/wp-json\/wp\/v2\/users\/1"}],"replies":[{"embeddable":true,"href":"https:\/\/feniks.nfz.gov.pl\/index.php\/wp-json\/wp\/v2\/comments?post=2896"}],"version-history":[{"count":6,"href":"https:\/\/feniks.nfz.gov.pl\/index.php\/wp-json\/wp\/v2\/pages\/2896\/revisions"}],"predecessor-version":[{"id":3197,"href":"https:\/\/feniks.nfz.gov.pl\/index.php\/wp-json\/wp\/v2\/pages\/2896\/revisions\/3197"}],"wp:attachment":[{"href":"https:\/\/feniks.nfz.gov.pl\/index.php\/wp-json\/wp\/v2\/media?parent=2896"}],"curies":[{"name":"wp","href":"https:\/\/api.w.org\/{rel}","templated":true}]}}